{"id":761,"date":"2016-10-02T12:11:15","date_gmt":"2016-10-02T10:11:15","guid":{"rendered":"http:\/\/ligeka.de\/?page_id=761"},"modified":"2018-09-23T09:10:14","modified_gmt":"2018-09-23T07:10:14","slug":"1989-der-meisterluegner","status":"publish","type":"page","link":"https:\/\/ligeka.de\/?page_id=761","title":{"rendered":"1989 &#8222;Der Meisterl\u00fcgner&#8220;"},"content":{"rendered":"<h5><span style=\"color: #2f2f2f; font-family: Times New Roman, serif; font-size: large;\"><b>Inhalt:<\/b><\/span><\/h5>\n<p>Man muss nicht unbedingt an die See fahren, um sich zu erholen. Schickt man Frau und T\u00f6chter allein, hat man zu Hause T\u00fcr und Tor offen f\u00fcr seine h\u00f6chst privaten Neigungen \u2013 etwa einmal nach Herzenslust tief ins Glas zu sehen. Ein einfach genialer Gedanke des geplagten Familienvaters, dem sich der Schwiegersohn nur zu gern anschlie\u00dft. Einfach ist das nat\u00fcrlich nicht, so in allerletzter Sekunde von der Urlaubsfahrt abzuspringen, aber ein so k\u00f6stlicher Gedanke rechtfertigt schon eine kleine Notl\u00fcge. Allerdings, wer einmal l\u00fcgt, der muss meistens weiter l\u00fcgen! So muss die Familie Keuchhusten bekommen, Direktor Horn Montagebefehl nach M\u00fcnchen geben, der angehende Schwiegersohn die Haush\u00fcterin spielen und auch falsche Telefonate und Telegramme lassen sich leider nicht vermeiden. Alles Kleinigkeiten, die ein routiniertes Familienoberhaupt spielend bew\u00e4ltigt. Schon ist man allein und entkorkt die erste Flasche \u2013 da nimmt das Schicksal seinen verh\u00e4ngnisvollen Lauf. Die Schwiegermutter steht in der T\u00fcr, die Pseudo-Haush\u00fcterin versagt, die Schlaftabletten werden vertauscht und \u2013 schon kaum mehr fassbar \u2013 der eingeladene Trinkkumpan entpuppt sich als verschollener Schwiegervater. Da muss man schon l\u00fcgen k\u00f6nnen und der Herr des Hauses w\u00e4chst f\u00f6rmlich \u2013 wenn auch in Todes\u00e4ngsten \u2013\u00fcber sich hinaus. Als aber Frau und T\u00f6chter unerwartet vom Bahnhof zur\u00fcckkommen, ist wahrhaftig guter Rat teuer. Nat\u00fcrlich wird weiter gelogen! Und wie!!! Jetzt muss der Schwiegersohn in spe die Rolle wechseln und den Direktor Horn darstellen. Welch ein Ungl\u00fcck aber, dass ausgerechnet in diesem Augenblick Direktor Horn pers\u00f6nlich auftaucht! Kein Wunder \u2013 jetzt verliert unser Meisterl\u00fcgner die Nerven und tats\u00e4chlich w\u00e4re es beinahe zur Familienkatastrophe gekommen. \u2013 Doch keine Angst, um Haaresbreite renkt sich alles so gerade im allerletzten Augenblick wieder ein. \u2013 Und auch um das Publikum brauchen Sie sich nicht zu sorgen: ernste Folgen auf das ununterbrochene \u201eTr\u00e4nen-Lachen\u201c sind uns nicht zur Ohren gekommen \u2013 ganz im Gegenteil!<\/p>\n","protected":false},"excerpt":{"rendered":"<p>Inhalt: Man muss nicht unbedingt an die See fahren, um sich zu erholen. Schickt man Frau und T\u00f6chter allein, hat man zu Hause T\u00fcr und Tor offen f\u00fcr seine h\u00f6chst &hellip; <a href=\"https:\/\/ligeka.de\/?page_id=761\" class=\"more-link\"><span class=\"screen-reader-text\">1989 &#8222;Der Meisterl\u00fcgner&#8220;<\/span> weiterlesen <span class=\"meta-nav\">&rarr;<\/span><\/a><\/p>\n","protected":false},"author":2,"featured_media":0,"parent":766,"menu_order":29,"comment_status":"closed","ping_status":"closed","template":"","meta":{"footnotes":""},"class_list":["post-761","page","type-page","status-publish","hentry"],"_links":{"self":[{"href":"https:\/\/ligeka.de\/index.php?rest_route=\/wp\/v2\/pages\/761","targetHints":{"allow":["GET"]}}],"collection":[{"href":"https:\/\/ligeka.de\/index.php?rest_route=\/wp\/v2\/pages"}],"about":[{"href":"https:\/\/ligeka.de\/index.php?rest_route=\/wp\/v2\/types\/page"}],"author":[{"embeddable":true,"href":"https:\/\/ligeka.de\/index.php?rest_route=\/wp\/v2\/users\/2"}],"replies":[{"embeddable":true,"href":"https:\/\/ligeka.de\/index.php?rest_route=%2Fwp%2Fv2%2Fcomments&post=761"}],"version-history":[{"count":3,"href":"https:\/\/ligeka.de\/index.php?rest_route=\/wp\/v2\/pages\/761\/revisions"}],"predecessor-version":[{"id":1156,"href":"https:\/\/ligeka.de\/index.php?rest_route=\/wp\/v2\/pages\/761\/revisions\/1156"}],"up":[{"embeddable":true,"href":"https:\/\/ligeka.de\/index.php?rest_route=\/wp\/v2\/pages\/766"}],"wp:attachment":[{"href":"https:\/\/ligeka.de\/index.php?rest_route=%2Fwp%2Fv2%2Fmedia&parent=761"}],"curies":[{"name":"wp","href":"https:\/\/api.w.org\/{rel}","templated":true}]}}