{"id":723,"date":"2016-10-02T11:39:39","date_gmt":"2016-10-02T09:39:39","guid":{"rendered":"http:\/\/ligeka.de\/?page_id=723"},"modified":"2018-09-23T09:07:40","modified_gmt":"2018-09-23T07:07:40","slug":"2012-von-rindern-und-rabauken","status":"publish","type":"page","link":"https:\/\/ligeka.de\/?page_id=723","title":{"rendered":"2012 &#8222;von Rindern und Rabauken&#8220;"},"content":{"rendered":"<h5><span style=\"color: #2f2f2f; font-family: Times New Roman, serif; font-size: large;\"><b>Inhalt:<\/b><\/span><\/h5>\n<p><small><span class=\"\">Familie Ochsenschwanz betreibt in Baal auf dem Ochsenhof Landwirtschaft. Dieser Hof geh\u00f6rte urspr\u00fcnglich Margot Strohmeyer und ihrer Tochter Anne. Nach Annes Hochzeit mit Nachbar Alfred Ochsenschwanz, \u00fcbernahm dieser die Leitung des Hofes. Auch seine Mutter Hildegard und seine j\u00fcngere Schwester Kathi sind mit ihm auf den Ochsenhof gezogen. Nicht nur Alfreds Familie, sondern auch sein Umsch\u00fcler-Knecht Matthes und der neue Nachbar \u201eM\u00f6hren-Sepp\u201c, \u00d6kobauer und heimlicher Verlobter von Kathi, haben unter seinen Launen zu leiden. Durch seinen Geiz und sein unfreundliches Verhalten hat er dem Ansehen des Hofes im Dorf bereits sehr geschadet. Nur sein einziger Freund \u201eFerkens-Will\u201c, ein benachbarter Schweinebauer, h\u00e4lt stets zu ihm.\u00a0<\/span><\/small><\/p>\n<p>Ein beharrlicher GEZ-Mann bessert Alfreds Laune nicht gerade auf, zumal er sich auch noch mit Versicherungsvertreter Kaiser und dem D\u00f6nerbudenbesitzer Murat herumschlagen muss. Auch Pastor Teufel l\u00e4sst sich h\u00e4ufig auf dem Hof blicken um seine \u201eSch\u00e4fchen\u201c zu segnen und bei der Gelegenheit mit einem Gl\u00e4schen Selbstgebrannten anzusto\u00dfen.<\/p>\n<p>Alfred erhofft sich den 1. Preis bei der bevorstehenden Pr\u00e4mierung des besten Zucht-Rindes, zumal die Verleihung in diesem Jahr ausgerechnet auf seinem Hof stattfinden soll. Die Baaler Landfrauen, angef\u00fchrt von ihrer Vorsitzenden Karla, bereiten dieses Ereignis schon flei\u00dfig vor. Nur Hildegard Ochsenschwanz dr\u00fcckt sich gerne und meistens erfolgreich vor der Mitarbeit. Als die Pr\u00e4mierung einen v\u00f6llig unerwarteten Verlauf nimmt, wird es Zeit, dass die Landfrauen die Sache in die Hand nehmen! Lassen Sie sich \u00fcberraschen von Verwicklungen, Familiengeheimnissen und unverhofften Wendungen, die Ihnen einen unterhaltsamen und lustigen Abend garantieren!<\/p>\n<h6><a href=\"https:\/\/goo.gl\/photos\/AcZhq12GALXcjBGT9\" target=\"_blank\" rel=\"noopener\">Bilder<\/a><\/h6>\n<p>&nbsp;<\/p>\n","protected":false},"excerpt":{"rendered":"<p>Inhalt: Familie Ochsenschwanz betreibt in Baal auf dem Ochsenhof Landwirtschaft. Dieser Hof geh\u00f6rte urspr\u00fcnglich Margot Strohmeyer und ihrer Tochter Anne. Nach Annes Hochzeit mit Nachbar Alfred Ochsenschwanz, \u00fcbernahm dieser die &hellip; <a href=\"https:\/\/ligeka.de\/?page_id=723\" class=\"more-link\"><span class=\"screen-reader-text\">2012 &#8222;von Rindern und Rabauken&#8220;<\/span> weiterlesen <span class=\"meta-nav\">&rarr;<\/span><\/a><\/p>\n","protected":false},"author":2,"featured_media":0,"parent":766,"menu_order":7,"comment_status":"closed","ping_status":"closed","template":"","meta":{"footnotes":""},"class_list":["post-723","page","type-page","status-publish","hentry"],"_links":{"self":[{"href":"https:\/\/ligeka.de\/index.php?rest_route=\/wp\/v2\/pages\/723","targetHints":{"allow":["GET"]}}],"collection":[{"href":"https:\/\/ligeka.de\/index.php?rest_route=\/wp\/v2\/pages"}],"about":[{"href":"https:\/\/ligeka.de\/index.php?rest_route=\/wp\/v2\/types\/page"}],"author":[{"embeddable":true,"href":"https:\/\/ligeka.de\/index.php?rest_route=\/wp\/v2\/users\/2"}],"replies":[{"embeddable":true,"href":"https:\/\/ligeka.de\/index.php?rest_route=%2Fwp%2Fv2%2Fcomments&post=723"}],"version-history":[{"count":4,"href":"https:\/\/ligeka.de\/index.php?rest_route=\/wp\/v2\/pages\/723\/revisions"}],"predecessor-version":[{"id":1151,"href":"https:\/\/ligeka.de\/index.php?rest_route=\/wp\/v2\/pages\/723\/revisions\/1151"}],"up":[{"embeddable":true,"href":"https:\/\/ligeka.de\/index.php?rest_route=\/wp\/v2\/pages\/766"}],"wp:attachment":[{"href":"https:\/\/ligeka.de\/index.php?rest_route=%2Fwp%2Fv2%2Fmedia&parent=723"}],"curies":[{"name":"wp","href":"https:\/\/api.w.org\/{rel}","templated":true}]}}