{"id":718,"date":"2016-10-02T11:29:15","date_gmt":"2016-10-02T09:29:15","guid":{"rendered":"http:\/\/ligeka.de\/?page_id=718"},"modified":"2018-09-23T09:07:04","modified_gmt":"2018-09-23T07:07:04","slug":"2014-sturm-im-gurkenglas","status":"publish","type":"page","link":"https:\/\/ligeka.de\/?page_id=718","title":{"rendered":"2014 &#8222;Sturm im Gurkenglas&#8220;"},"content":{"rendered":"<h5><span style=\"color: #2f2f2f; font-family: Times New Roman, serif; font-size: large;\"><b>Inhalt:<\/b><\/span><\/h5>\n<p>Nicht nur Hubert von Dillmanns Gurken sind sauer, sondern auch seine luxusverw\u00f6hnte Gattin Konstanze, als sie erf\u00e4hrt, dass der Traditionsbetrieb vor der Pleite steht und massive Sparma\u00dfnahmen im Haushalt Einzug halten. Zudem muss ihr auf der Yacht geplantes Sch\u00e4ferst\u00fcnden mit dem Fitness-Trainer Emanuel ausfallen, da Hubert seinen plumpen Mitarbeiter Jacobi und dessen starrk\u00f6pfige Frau Helga zum Wochenende eingeladen hat. Jacobis \u201eGeheimrezept\u201c f\u00fcr scharfe Gurken, waren der Renner auf der Industriemesse und gemeinsam mit dem Werbemanager Udo Kiesmacher, will Hubert den chronisch gutgelaunten J\u00fcrgen f\u00fcr sich gewinnen. Doch der Verlauf des Abends gestaltet sich f\u00fcr Hubert anders als erwartet: Die K\u00f6chin ist mit dem Tafel-Service auf und davon, der Butler zeigt sich renitent und die eiligst engagierte K\u00fcchenhilfe serviert aus Eimern und mit W\u00e4schezange. W\u00e4hrend sich das d\u00fcmmlich-naive Gurken-Model Melody Summer in einem Gurkenglas verkantet, findet Jocobis Frau Helga ihren Sohn und die Dillmann-Tochter gemeinsam nackt im Whirlpool. Als w\u00e4re dies nicht Chaos genug, erscheinen noch der zur Liebesnacht bestellte FitnessTrainer und zwei einfach gestrickte Ganoven, die Huberts dominante Mutter Wilma entf\u00fchren sollen, aber stattdessen gleich die ganze Yacht rauben. Doch am Ende dieser turbulenten Nacht wird sich zeigen, dass nichts so ist, wie es scheint\u2026<\/p>\n<h5><a href=\"https:\/\/goo.gl\/photos\/zwFJ2CyA6CVvNtCu7\" target=\"_blank\" rel=\"noopener\">Bilder<\/a><\/h5>\n","protected":false},"excerpt":{"rendered":"<p>Inhalt: Nicht nur Hubert von Dillmanns Gurken sind sauer, sondern auch seine luxusverw\u00f6hnte Gattin Konstanze, als sie erf\u00e4hrt, dass der Traditionsbetrieb vor der Pleite steht und massive Sparma\u00dfnahmen im Haushalt &hellip; <a href=\"https:\/\/ligeka.de\/?page_id=718\" class=\"more-link\"><span class=\"screen-reader-text\">2014 &#8222;Sturm im Gurkenglas&#8220;<\/span> weiterlesen <span class=\"meta-nav\">&rarr;<\/span><\/a><\/p>\n","protected":false},"author":2,"featured_media":0,"parent":766,"menu_order":5,"comment_status":"closed","ping_status":"closed","template":"","meta":{"footnotes":""},"class_list":["post-718","page","type-page","status-publish","hentry"],"_links":{"self":[{"href":"https:\/\/ligeka.de\/index.php?rest_route=\/wp\/v2\/pages\/718","targetHints":{"allow":["GET"]}}],"collection":[{"href":"https:\/\/ligeka.de\/index.php?rest_route=\/wp\/v2\/pages"}],"about":[{"href":"https:\/\/ligeka.de\/index.php?rest_route=\/wp\/v2\/types\/page"}],"author":[{"embeddable":true,"href":"https:\/\/ligeka.de\/index.php?rest_route=\/wp\/v2\/users\/2"}],"replies":[{"embeddable":true,"href":"https:\/\/ligeka.de\/index.php?rest_route=%2Fwp%2Fv2%2Fcomments&post=718"}],"version-history":[{"count":5,"href":"https:\/\/ligeka.de\/index.php?rest_route=\/wp\/v2\/pages\/718\/revisions"}],"predecessor-version":[{"id":1149,"href":"https:\/\/ligeka.de\/index.php?rest_route=\/wp\/v2\/pages\/718\/revisions\/1149"}],"up":[{"embeddable":true,"href":"https:\/\/ligeka.de\/index.php?rest_route=\/wp\/v2\/pages\/766"}],"wp:attachment":[{"href":"https:\/\/ligeka.de\/index.php?rest_route=%2Fwp%2Fv2%2Fmedia&parent=718"}],"curies":[{"name":"wp","href":"https:\/\/api.w.org\/{rel}","templated":true}]}}