{"id":1119,"date":"2018-09-23T08:49:30","date_gmt":"2018-09-23T06:49:30","guid":{"rendered":"http:\/\/ligeka.de\/?page_id=1119"},"modified":"2018-09-23T09:06:17","modified_gmt":"2018-09-23T07:06:17","slug":"2017-die-nacht-im-hiommelreich","status":"publish","type":"page","link":"https:\/\/ligeka.de\/?page_id=1119","title":{"rendered":"2017 &#8222;Die Nacht im Himmelreich&#8220;"},"content":{"rendered":"<h2>LiGeKa macht Theater!<\/h2>\n<p><a href=\"http:\/\/ligeka.de\/wp-content\/uploads\/2017\/08\/Plakat-Theater-2017_web8013.jpg\" target=\"_blank\" rel=\"noopener noreferrer\"><img loading=\"lazy\" decoding=\"async\" class=\"alignnone wp-image-999 \" src=\"http:\/\/ligeka.de\/wp-content\/uploads\/2017\/08\/Plakat-Theater-2017_web8013-217x300.jpg\" alt=\"\" width=\"247\" height=\"341\" srcset=\"https:\/\/ligeka.de\/wp-content\/uploads\/2017\/08\/Plakat-Theater-2017_web8013-217x300.jpg 217w, https:\/\/ligeka.de\/wp-content\/uploads\/2017\/08\/Plakat-Theater-2017_web8013-768x1059.jpg 768w, https:\/\/ligeka.de\/wp-content\/uploads\/2017\/08\/Plakat-Theater-2017_web8013-742x1024.jpg 742w, https:\/\/ligeka.de\/wp-content\/uploads\/2017\/08\/Plakat-Theater-2017_web8013.jpg 1065w\" sizes=\"auto, (max-width: 247px) 100vw, 247px\" \/><\/a><\/p>\n<p>&nbsp;<\/p>\n<p><span style=\"color: #2f2f2f; font-family: Times New Roman, serif; font-size: large;\"><b>Inhalt:<\/b><\/span><\/p>\n<p>B\u00fcrgermeister Moser hat in der Hektik seiner Amtsgesch\u00e4fte einen wichtigen Termin vergessen. Wegen zu schnellem Fahren wurde ihm f\u00fcr vier Wochen die Fahrerlaubnis entzogen, was er vor der \u00d6ffentlichkeit und der Familie unbedingt verheimlichen will. Das h\u00e4lt ihn aber nicht davon ab am Vorabend des Inkrafttretens noch das Nachtlokal \u201eZu Himmelreich\u201c aufzusuchen. Jetzt ist der \u201eLappen\u201c weg und wichtige Ereignisse stehen bevor. Sein 60. Geburtstag, zu dem er noch Eink\u00e4ufe zu erledigen hat. Aber noch schlimmer, er hat lautstark angek\u00fcndigt h\u00f6chstpers\u00f6nlich das neue TLF 24\/50 (Tankl\u00f6schfahrzeug) in einer sogenannten \u201eJungfernfahrt\u201c von \u201eseinem Amt\u201c zum Feuerwehrger\u00e4tehaus zu fahren und feierlich an seinen Feuerwehrkommandanten zu \u00fcbergeben. Er braucht eine gute Idee um das Fahrverbot zu verschleiern, denn bei bei der n\u00e4chsten Wahl m\u00f6chte er noch einmal antreten und er f\u00fcrchtet dass ihm das schaden k\u00f6nnte.<\/p>\n","protected":false},"excerpt":{"rendered":"<p>LiGeKa macht Theater! &nbsp; Inhalt: B\u00fcrgermeister Moser hat in der Hektik seiner Amtsgesch\u00e4fte einen wichtigen Termin vergessen. Wegen zu schnellem Fahren wurde ihm f\u00fcr vier Wochen die Fahrerlaubnis entzogen, was &hellip; <a href=\"https:\/\/ligeka.de\/?page_id=1119\" class=\"more-link\"><span class=\"screen-reader-text\">2017 &#8222;Die Nacht im Himmelreich&#8220;<\/span> weiterlesen <span class=\"meta-nav\">&rarr;<\/span><\/a><\/p>\n","protected":false},"author":2,"featured_media":0,"parent":766,"menu_order":2,"comment_status":"closed","ping_status":"closed","template":"","meta":{"footnotes":""},"class_list":["post-1119","page","type-page","status-publish","hentry"],"_links":{"self":[{"href":"https:\/\/ligeka.de\/index.php?rest_route=\/wp\/v2\/pages\/1119","targetHints":{"allow":["GET"]}}],"collection":[{"href":"https:\/\/ligeka.de\/index.php?rest_route=\/wp\/v2\/pages"}],"about":[{"href":"https:\/\/ligeka.de\/index.php?rest_route=\/wp\/v2\/types\/page"}],"author":[{"embeddable":true,"href":"https:\/\/ligeka.de\/index.php?rest_route=\/wp\/v2\/users\/2"}],"replies":[{"embeddable":true,"href":"https:\/\/ligeka.de\/index.php?rest_route=%2Fwp%2Fv2%2Fcomments&post=1119"}],"version-history":[{"count":5,"href":"https:\/\/ligeka.de\/index.php?rest_route=\/wp\/v2\/pages\/1119\/revisions"}],"predecessor-version":[{"id":1146,"href":"https:\/\/ligeka.de\/index.php?rest_route=\/wp\/v2\/pages\/1119\/revisions\/1146"}],"up":[{"embeddable":true,"href":"https:\/\/ligeka.de\/index.php?rest_route=\/wp\/v2\/pages\/766"}],"wp:attachment":[{"href":"https:\/\/ligeka.de\/index.php?rest_route=%2Fwp%2Fv2%2Fmedia&parent=1119"}],"curies":[{"name":"wp","href":"https:\/\/api.w.org\/{rel}","templated":true}]}}